{"id":463,"date":"2026-01-20T12:30:29","date_gmt":"2026-01-20T12:30:29","guid":{"rendered":"https:\/\/demo.foebbva.com\/wpfoe\/?page_id=463"},"modified":"2026-04-16T14:18:45","modified_gmt":"2026-04-16T14:18:45","slug":"contacto","status":"publish","type":"page","link":"https:\/\/www.foebbva.com\/index.php\/contacto\/","title":{"rendered":"CONTACTO"},"content":{"rendered":"<p>[et_pb_section fb_built=\u00bb1&#8243; admin_label=\u00bbHeader\u00bb _builder_version=\u00bb4.18.1&#8243; _module_preset=\u00bbdefault\u00bb collapsed=\u00bbon\u00bb global_colors_info=\u00bb{}\u00bb][et_pb_row column_structure=\u00bb1_2,1_2&#8243; _builder_version=\u00bb4.27.5&#8243; _module_preset=\u00bbdefault\u00bb global_colors_info=\u00bb{}\u00bb][et_pb_column type=\u00bb1_2&#8243; _builder_version=\u00bb4.18.1&#8243; _module_preset=\u00bbdefault\u00bb global_colors_info=\u00bb{}\u00bb][et_pb_image src=\u00bbhttps:\/\/demo.foebbva.com\/wpfoe\/wp-content\/uploads\/2026\/01\/ico_contacto.png\u00bb title_text=\u00bbico_contacto\u00bb disabled_on=\u00bbon|on|on\u00bb _builder_version=\u00bb4.27.5&#8243; _module_preset=\u00bbdefault\u00bb width=\u00bb18%\u00bb custom_margin=\u00bb||8px|||\u00bb disabled=\u00bbon\u00bb global_colors_info=\u00bb{}\u00bb][\/et_pb_image][et_pb_text _builder_version=\u00bb4.27.5&#8243; _module_preset=\u00bba9e1df9b-2ef2-4fdb-b404-a8dba8af737c\u00bb header_font=\u00bb|800|||||||\u00bb header_text_color=\u00bb#89DB12&#8243; header_font_size=\u00bb49px\u00bb custom_margin=\u00bb6px||10px|||\u00bb custom_padding=\u00bb||0px|||\u00bb global_colors_info=\u00bb{}\u00bb]<\/p>\n<h1>Cont\u00e1ctenos<\/h1>\n<p>[\/et_pb_text][et_pb_text _builder_version=\u00bb4.27.6&#8243; _module_preset=\u00bbdefault\u00bb text_font_size=\u00bb16px\u00bb text_line_height=\u00bb1.6em\u00bb text_orientation=\u00bbjustified\u00bb custom_margin=\u00bb||38px|||\u00bb global_colors_info=\u00bb{}\u00bb]Comun\u00edcate con <strong>nuestras l\u00edneas de atenci\u00f3n<\/strong> y recibe asesor\u00eda oportuna sobre nuestros servicios, tr\u00e1mites y beneficios. Nuestro equipo est\u00e1 listo para acompa\u00f1arte y resolver tus inquietudes.<\/p>\n<p style=\"text-align: justify;\"><strong>Estamos aqu\u00ed para escucharte.\u00a0<\/strong><\/p>\n<p>[\/et_pb_text][et_pb_text disabled_on=\u00bbon|on|on\u00bb _builder_version=\u00bb4.27.6&#8243; _module_preset=\u00bbdefault\u00bb text_font_size=\u00bb16px\u00bb text_line_height=\u00bb1.6em\u00bb text_orientation=\u00bbjustified\u00bb custom_margin=\u00bb||38px|||\u00bb disabled=\u00bbon\u00bb global_colors_info=\u00bb{}\u00bb]<\/p>\n<p style=\"text-align: justify;\"><strong>Estamos aqu\u00ed para escucharte.<\/strong> Cont\u00e1ctanos y recibe asesor\u00eda oportuna sobre nuestros servicios, tr\u00e1mites y beneficios. Nuestro equipo est\u00e1 listo para acompa\u00f1arte y resolver tus inquietudes.<\/p>\n<p>[\/et_pb_text][\/et_pb_column][et_pb_column type=\u00bb1_2&#8243; _builder_version=\u00bb4.18.1&#8243; _module_preset=\u00bbdefault\u00bb global_colors_info=\u00bb{}\u00bb][et_pb_image src=\u00bbhttps:\/\/demo.foebbva.com\/wpfoe\/wp-content\/uploads\/2026\/03\/img_contacto_v2.png\u00bb title_text=\u00bbimg_contacto_v2&#8243; align=\u00bbcenter\u00bb _builder_version=\u00bb4.27.6&#8243; _module_preset=\u00bbdefault\u00bb width=\u00bb100%\u00bb width_tablet=\u00bb50%\u00bb width_last_edited=\u00bboff|phone\u00bb custom_margin_phone=\u00bb|||-100px|false|false\u00bb custom_margin_last_edited=\u00bboff|desktop\u00bb border_radii=\u00bboff|200px||200px|200px\u00bb global_colors_info=\u00bb{}\u00bb][\/et_pb_image][\/et_pb_column][\/et_pb_row][et_pb_row make_equal=\u00bbon\u00bb _builder_version=\u00bb4.27.6&#8243; _module_preset=\u00bbdefault\u00bb locked=\u00bboff\u00bb global_colors_info=\u00bb{}\u00bb][et_pb_column type=\u00bb4_4&#8243; _builder_version=\u00bb4.27.6&#8243; _module_preset=\u00bbdefault\u00bb background_enable_color=\u00bboff\u00bb custom_padding=\u00bb60px|40px|60px|40px|true|true\u00bb custom_padding_tablet=\u00bb30px|30px|30px|30px|true|true\u00bb custom_padding_phone=\u00bb20px|20px|20px|20px|true|true\u00bb custom_padding_last_edited=\u00bbon|tablet\u00bb border_radii=\u00bbon|24px|24px|24px|24px\u00bb border_width_all=\u00bb4px\u00bb border_color_all=\u00bb#89DB12&#8243; box_shadow_style=\u00bbpreset4&#8243; box_shadow_horizontal=\u00bb0px\u00bb box_shadow_vertical=\u00bb28px\u00bb box_shadow_blur=\u00bb25px\u00bb box_shadow_color=\u00bbrgba(0,163,73,0.3)\u00bb global_colors_info=\u00bb{}\u00bb][et_pb_text _builder_version=\u00bb4.27.6&#8243; _module_preset=\u00bbc3675834-6f1b-4ab7-a088-dd3d8f86e524&#8243; header_font_size=\u00bb18px\u00bb header_line_height=\u00bb1.3em\u00bb text_orientation=\u00bbcenter\u00bb custom_margin=\u00bb||1px|||\u00bb custom_padding=\u00bb||0px|||\u00bb locked=\u00bboff\u00bb global_colors_info=\u00bb{}\u00bb]<\/p>\n<h1><strong>Tel\u00e9fono y WhatsApp:<\/strong><\/h1>\n<p>[\/et_pb_text][et_pb_text _builder_version=\u00bb4.27.6&#8243; _module_preset=\u00bbc3675834-6f1b-4ab7-a088-dd3d8f86e524&#8243; header_font=\u00bb|800|||||||\u00bb header_text_color=\u00bb#0034B7&#8243; header_line_height=\u00bb1.3em\u00bb text_orientation=\u00bbcenter\u00bb custom_margin=\u00bb||15px|||\u00bb locked=\u00bboff\u00bb global_colors_info=\u00bb{}\u00bb]<\/p>\n<h1>PBX: 323 264 1700<\/h1>\n<p>[\/et_pb_text][et_pb_text _builder_version=\u00bb4.27.5&#8243; _module_preset=\u00bbc3675834-6f1b-4ab7-a088-dd3d8f86e524&#8243; header_font_size=\u00bb18px\u00bb header_line_height=\u00bb1.3em\u00bb text_orientation=\u00bbcenter\u00bb custom_margin=\u00bb||1px|||\u00bb custom_padding=\u00bb||0px|||\u00bb locked=\u00bboff\u00bb global_colors_info=\u00bb{}\u00bb]<\/p>\n<h1><strong>Oficina Principal:<\/strong><\/h1>\n<p>[\/et_pb_text][et_pb_text _builder_version=\u00bb4.27.6&#8243; _module_preset=\u00bbc3675834-6f1b-4ab7-a088-dd3d8f86e524&#8243; header_font=\u00bb|800|||||||\u00bb header_text_color=\u00bb#0034B7&#8243; header_font_size=\u00bb24px\u00bb header_line_height=\u00bb1.3em\u00bb text_orientation=\u00bbcenter\u00bb custom_margin=\u00bb||15px|||\u00bb locked=\u00bboff\u00bb global_colors_info=\u00bb{}\u00bb]<\/p>\n<h1>Diagonal 40A # 13-13 Bogot\u00e1, Colombia<\/h1>\n<p>[\/et_pb_text][et_pb_text _builder_version=\u00bb4.27.5&#8243; _module_preset=\u00bbc3675834-6f1b-4ab7-a088-dd3d8f86e524&#8243; header_font_size=\u00bb18px\u00bb header_line_height=\u00bb1.3em\u00bb text_orientation=\u00bbcenter\u00bb custom_margin=\u00bb||1px|||\u00bb custom_padding=\u00bb||0px|||\u00bb locked=\u00bboff\u00bb global_colors_info=\u00bb{}\u00bb]<\/p>\n<h1><strong>Correo:<\/strong><\/h1>\n<p>[\/et_pb_text][et_pb_text _builder_version=\u00bb4.27.6&#8243; _module_preset=\u00bbc3675834-6f1b-4ab7-a088-dd3d8f86e524&#8243; header_font=\u00bb|800|||||||\u00bb header_text_align=\u00bbcenter\u00bb header_text_color=\u00bb#0034B7&#8243; header_font_size=\u00bb24px\u00bb header_line_height=\u00bb1.3em\u00bb header_2_text_align=\u00bbcenter\u00bb text_orientation=\u00bbcenter\u00bb module_alignment=\u00bbleft\u00bb custom_margin=\u00bb||15px|||\u00bb locked=\u00bboff\u00bb global_colors_info=\u00bb{}\u00bb]<\/p>\n<h1 style=\"text-align: center;\"><a href=\"mailto:contacto@foebbva.com\"><strong>contacto@foebbva.com<\/strong><\/a><\/h1>\n<p>[\/et_pb_text][et_pb_image src=\u00bbhttps:\/\/demo.foebbva.com\/wpfoe\/wp-content\/uploads\/2026\/02\/supersolidaria_horizontal.png\u00bb title_text=\u00bbsupersolidaria_horizontal\u00bb _builder_version=\u00bb4.27.6&#8243; _module_preset=\u00bbdefault\u00bb width=\u00bb25%\u00bb module_alignment=\u00bbcenter\u00bb global_colors_info=\u00bb{}\u00bb][\/et_pb_image][et_pb_text _builder_version=\u00bb4.27.5&#8243; _module_preset=\u00bbc3675834-6f1b-4ab7-a088-dd3d8f86e524&#8243; header_text_color=\u00bb#000000&#8243; header_font_size=\u00bb18px\u00bb header_line_height=\u00bb1.3em\u00bb text_orientation=\u00bbcenter\u00bb custom_margin=\u00bb||1px|||\u00bb custom_padding=\u00bb||0px|||\u00bb locked=\u00bboff\u00bb global_colors_info=\u00bb{}\u00bb]<\/p>\n<h1><strong>Departamento Jur\u00eddico<\/strong><\/h1>\n<p>[\/et_pb_text][et_pb_text _builder_version=\u00bb4.27.6&#8243; _module_preset=\u00bbc3675834-6f1b-4ab7-a088-dd3d8f86e524&#8243; text_font_size=\u00bb9px\u00bb header_font=\u00bb|800|||||||\u00bb header_text_color=\u00bb#0034B7&#8243; header_font_size=\u00bb20px\u00bb header_line_height=\u00bb1.3em\u00bb text_orientation=\u00bbcenter\u00bb custom_margin=\u00bb||15px|||\u00bb locked=\u00bboff\u00bb global_colors_info=\u00bb{}\u00bb]<\/p>\n<h1><a href=\"mailto:departamentojuridico@foebbva.com\"><strong>departamentojuridico@foebbva.com<\/strong><\/a><\/h1>\n<p>[\/et_pb_text][et_pb_text _builder_version=\u00bb4.27.5&#8243; _module_preset=\u00bbc3675834-6f1b-4ab7-a088-dd3d8f86e524&#8243; header_text_color=\u00bb#000000&#8243; header_font_size=\u00bb18px\u00bb header_line_height=\u00bb1.3em\u00bb text_orientation=\u00bbcenter\u00bb custom_margin=\u00bb||1px|||\u00bb custom_padding=\u00bb||0px|||\u00bb locked=\u00bboff\u00bb global_colors_info=\u00bb{}\u00bb]<\/p>\n<h1><strong>Horario atenci\u00f3n al Asociado telef\u00f3nica y presencial:<\/strong><\/h1>\n<p>[\/et_pb_text][et_pb_text _builder_version=\u00bb4.27.6&#8243; _module_preset=\u00bbc3675834-6f1b-4ab7-a088-dd3d8f86e524&#8243; text_text_color=\u00bb#0034B7&#8243; text_font_size=\u00bb20px\u00bb header_font=\u00bb|800|||||||\u00bb header_text_color=\u00bb#FFFFFF\u00bb header_line_height=\u00bb1.3em\u00bb text_orientation=\u00bbcenter\u00bb custom_margin=\u00bb||15px|||\u00bb locked=\u00bboff\u00bb global_colors_info=\u00bb{}\u00bb]<strong>lunes a viernes. 7:30 a.m. a 4:30 p.m.\u00a0jornada continua.\u00a0\u00a0\u00a0<\/strong>[\/et_pb_text][et_pb_text disabled_on=\u00bbon|on|on\u00bb _builder_version=\u00bb4.27.6&#8243; _module_preset=\u00bb780fb14c-8c96-46b7-afab-b9bfdf7c3a88&#8243; text_font=\u00bb|500|||||||\u00bb text_text_color=\u00bb#009924&#8243; text_orientation=\u00bbcenter\u00bb disabled=\u00bbon\u00bb global_colors_info=\u00bb{}\u00bb]Vigilado superintendencia de la econom\u00eda solidaria[\/et_pb_text][\/et_pb_column][\/et_pb_row][et_pb_row column_structure=\u00bb1_3,2_3&#8243; _builder_version=\u00bb4.27.6&#8243; _module_preset=\u00bbdefault\u00bb global_colors_info=\u00bb{}\u00bb][et_pb_column type=\u00bb1_3&#8243; _builder_version=\u00bb4.27.6&#8243; _module_preset=\u00bbdefault\u00bb custom_padding=\u00bb33px|24px|30px|24px|false|true\u00bb border_radii=\u00bbon|24px|24px|24px|24px\u00bb border_width_all=\u00bb2px\u00bb border_color_all=\u00bb#89DB12&#8243; global_colors_info=\u00bb{}\u00bb][et_pb_text _builder_version=\u00bb4.27.6&#8243; _module_preset=\u00bba9e1df9b-2ef2-4fdb-b404-a8dba8af737c\u00bb header_font=\u00bb|800|||||||\u00bb header_text_color=\u00bb#0034B7&#8243; header_font_size=\u00bb32px\u00bb custom_margin=\u00bb||10px|||\u00bb global_colors_info=\u00bb{}\u00bb]<\/p>\n<h1 style=\"text-align: center;\">Escr\u00edbenos y radicamos tu solicitud<\/h1>\n<p>[\/et_pb_text][et_pb_button button_url=\u00bbhttps:\/\/www.foebbva.com\/pqrs\/public\/index.php\u00bb url_new_window=\u00bbon\u00bb button_text=\u00bbCrear PQRS\u00bb button_alignment=\u00bbcenter\u00bb _builder_version=\u00bb4.27.6&#8243; _module_preset=\u00bbdefault\u00bb custom_button=\u00bbon\u00bb button_text_size=\u00bb13px\u00bb button_text_color=\u00bb#0034B7&#8243; button_bg_color=\u00bb#89db12&#8243; button_border_width=\u00bb0px\u00bb button_border_radius=\u00bb100px\u00bb button_letter_spacing=\u00bb1px\u00bb button_font=\u00bbRoboto|700||on|||||\u00bb button_icon=\u00bb&#xf101;||fa||900&#8243; button_icon_color=\u00bb#FFFFFF\u00bb button_on_hover=\u00bboff\u00bb transform_translate_linked__hover=\u00bboff\u00bb custom_margin=\u00bb||||false|false\u00bb custom_padding=\u00bb11px|47px|11px|29px|true|false\u00bb hover_enabled=\u00bb0&#8243; locked=\u00bboff\u00bb global_colors_info=\u00bb{}\u00bb button_bg_color__hover_enabled=\u00bbon|hover\u00bb button_bg_color__hover=\u00bb#14e7ff\u00bb button_bg_enable_color__hover=\u00bbon\u00bb button_text_color__hover_enabled=\u00bbon|hover\u00bb button_text_color__hover=\u00bb#0034B7&#8243; transform_styles__hover_enabled=\u00bbon|hover\u00bb transform_scale__hover_enabled=\u00bbon|hover\u00bb transform_translate__hover_enabled=\u00bbon|desktop\u00bb transform_rotate__hover_enabled=\u00bbon|desktop\u00bb transform_skew__hover_enabled=\u00bbon|desktop\u00bb transform_origin__hover_enabled=\u00bbon|desktop\u00bb transform_scale__hover=\u00bb99%|99%\u00bb transform_translate__hover=\u00bb12px|0px\u00bb custom_padding__hover_enabled=\u00bbon|hover\u00bb custom_padding__hover=\u00bb|57px||53px|true|false\u00bb sticky_enabled=\u00bb0&#8243;][\/et_pb_button][\/et_pb_column][et_pb_column type=\u00bb2_3&#8243; _builder_version=\u00bb4.18.1&#8243; _module_preset=\u00bbdefault\u00bb global_colors_info=\u00bb{}\u00bb][et_pb_text _builder_version=\u00bb4.27.5&#8243; _module_preset=\u00bba9e1df9b-2ef2-4fdb-b404-a8dba8af737c\u00bb header_font=\u00bb|800|||||||\u00bb header_text_color=\u00bb#89DB12&#8243; header_font_size=\u00bb31px\u00bb custom_margin=\u00bb||10px|||\u00bb global_colors_info=\u00bb{}\u00bb]<\/p>\n<h1>Preguntas frecuentes<\/h1>\n<p>[\/et_pb_text][et_pb_accordion toggle_icon=\u00bb&#xf067;||fa||900&#8243; admin_label=\u00bbAcorde\u00f3n\u00bb _builder_version=\u00bb4.27.6&#8243; _module_preset=\u00bb9c8bca71-329a-485d-861b-53cd261b9aaf\u00bb toggle_text_color=\u00bb#0034B7&#8243; toggle_font=\u00bb|600|||||||\u00bb body_font=\u00bb|800|||||||\u00bb body_font_size=\u00bb20px\u00bb locked=\u00bboff\u00bb global_colors_info=\u00bb{%22gcid-d47a49fa-a225-478e-adfe-47da13f8136c%22:%91%22open_toggle_text_color%22%93,%22gcid-b1edc6de-4f69-4ae0-82ad-bb59642df629%22:%91%22body_text_color%22%93}\u00bb][et_pb_accordion_item title=\u00bb\u00bfC\u00f3mo ingreso a la sucursal virtual?\u00bb open=\u00bbon\u00bb _builder_version=\u00bb4.27.5&#8243; _module_preset=\u00bbdefault\u00bb global_colors_info=\u00bb{}\u00bb toggle_font_size=\u00bb21px\u00bb]<a href=\"https:\/\/www.youtube.com\/watch?v=Nz-E_Y4tlHY\" target=\"_blank\" rel=\"noopener\"><strong>Ver video<\/strong><\/a>[\/et_pb_accordion_item][et_pb_accordion_item title=\u00bb\u00bfC\u00f3mo aperturar un CDAT?\u00bb _builder_version=\u00bb4.27.6&#8243; _module_preset=\u00bbdefault\u00bb global_colors_info=\u00bb{}\u00bb toggle_font_size=\u00bb21px\u00bb open=\u00bboff\u00bb]<a href=\"https:\/\/www.foebbva.com\/wp-content\/uploads\/2026\/03\/INSTRUCTIVO-APERTURA-CDAT-SUCURSAL-VIRTUAL.pdf\" target=\"_blank\" rel=\"noopener\"><strong>Ver Instructivo<\/strong><\/a>[\/et_pb_accordion_item][et_pb_accordion_item title=\u00bb\u00bfC\u00f3mo solicito un cr\u00e9dito?\u00bb _builder_version=\u00bb4.27.5&#8243; _module_preset=\u00bbdefault\u00bb global_colors_info=\u00bb{}\u00bb toggle_font_size=\u00bb21px\u00bb open=\u00bboff\u00bb]<a href=\"https:\/\/www.youtube.com\/watch?v=-x7fv0jDPjc\" target=\"_blank\" rel=\"noopener\"><strong>Ver video<\/strong><\/a>[\/et_pb_accordion_item][et_pb_accordion_item title=\u00bb\u00bfC\u00f3mo realizar un pago en l\u00ednea?\u00bb _builder_version=\u00bb4.27.6&#8243; _module_preset=\u00bbdefault\u00bb global_colors_info=\u00bb{}\u00bb toggle_font_size=\u00bb21px\u00bb open=\u00bboff\u00bb]<a href=\"https:\/\/www.foebbva.com\/wp-content\/uploads\/2026\/03\/INSTRUCTIVO-RENDIMIENTOS-2025-SUCURSAL-VIRTUAL.pdf\" target=\"_blank\" rel=\"noopener\"><strong>Ver instructivo<\/strong><\/a>[\/et_pb_accordion_item][et_pb_accordion_item title=\u00bb\u00bfC\u00f3mo vincularse al FOE?\u00bb _builder_version=\u00bb4.27.5&#8243; _module_preset=\u00bbdefault\u00bb global_colors_info=\u00bb{}\u00bb toggle_font_size=\u00bb21px\u00bb open=\u00bboff\u00bb]<a href=\"https:\/\/virtual.foebbva.com\/cdigital\/aplicacion\/index-publico.html?id=54ed42b1373e4493af384e47c976c7a7&amp;st=1&amp;_gl=1*cqcwap*_ga*NTgxNjQ0NDMuMTc0OTEzMjUyNw..*_ga_D4KEDXV4ZF*czE3NjcxMjYwMzUkbzE4MCRnMSR0MTc2NzEyNjM5NCRqNTUkbDAkaDA.#\/registrar-usuario\" target=\"_blank\" rel=\"noopener\"><strong>Ver instructivo<\/strong><\/a>[\/et_pb_accordion_item][et_pb_accordion_item title=\u00bb\u00bfC\u00f3mo consultar el estado de cuenta?\u00bb _builder_version=\u00bb4.27.6&#8243; _module_preset=\u00bbdefault\u00bb global_colors_info=\u00bb{}\u00bb toggle_font_size=\u00bb21px\u00bb open=\u00bboff\u00bb]<a href=\"https:\/\/www.foebbva.com\/wp-content\/uploads\/2026\/03\/INSTRUCTIVO-CUENTA-DE-COBRO-SUCURSAL-VIRTUAL.pdf\" target=\"_blank\" rel=\"noopener\"><strong>Ver instructivo<\/strong><\/a>[\/et_pb_accordion_item][et_pb_accordion_item title=\u00bb\u00bfC\u00f3mo actualizar tus datos?\u00bb _builder_version=\u00bb4.27.6&#8243; _module_preset=\u00bbdefault\u00bb global_colors_info=\u00bb{}\u00bb toggle_font_size=\u00bb21px\u00bb open=\u00bboff\u00bb]<a href=\"https:\/\/www.foebbva.com\/wp-content\/uploads\/2026\/03\/INSTRUCTIVO-ACTUALIZACION-DE-DATOS-SUCURSAL-VIRTUAL.pdf\" target=\"_blank\" rel=\"noopener\"><strong>Ver instructivo<\/strong><\/a>[\/et_pb_accordion_item][et_pb_accordion_item title=\u00bb\u00bfC\u00f3mo iniciar tu ahorro en el FOE?\u00bb _builder_version=\u00bb4.27.6&#8243; _module_preset=\u00bbdefault\u00bb global_colors_info=\u00bb{}\u00bb toggle_font_size=\u00bb21px\u00bb open=\u00bboff\u00bb]<a href=\"https:\/\/www.foebbva.com\/wp-content\/uploads\/2026\/03\/INSTRUCTIVO-SOLICITUD-DE-AHORRO.pdf\" target=\"_blank\" rel=\"noopener\"><strong>Ver instructivo<\/strong><\/a>[\/et_pb_accordion_item][et_pb_accordion_item title=\u00bb\u00bfC\u00f3mo retirar tus ahorros?\u00bb _builder_version=\u00bb4.27.6&#8243; _module_preset=\u00bbdefault\u00bb global_colors_info=\u00bb{}\u00bb toggle_font_size=\u00bb21px\u00bb open=\u00bboff\u00bb]<a href=\"https:\/\/www.foebbva.com\/wp-content\/uploads\/2026\/03\/NUEVO_LOGOINSTRUCTIVO_AHORRO_NAVIDENO_2026.pdf\" target=\"_blank\" rel=\"noopener\"><strong>Ver instructivo<\/strong><\/a>[\/et_pb_accordion_item][et_pb_accordion_item title=\u00bb\u00bfC\u00f3mo registrar una cuenta externa para giro de recursos?\u00bb _builder_version=\u00bb4.27.6&#8243; _module_preset=\u00bbdefault\u00bb global_colors_info=\u00bb{}\u00bb toggle_font_size=\u00bb21px\u00bb open=\u00bboff\u00bb]<a href=\"https:\/\/www.foebbva.com\/wp-content\/uploads\/2026\/03\/INSTRUCTIVO-REGISTRO-DE-CUENTA-SUCURSAL-VIRTUAL.pdf\" target=\"_blank\" rel=\"noopener\"><strong>Ver instructivo<\/strong><\/a>[\/et_pb_accordion_item][et_pb_accordion_item title=\u00bb\u00bfC\u00f3mo solicitar los rendimientos de tu Ahorro Permanente?\u00bb _builder_version=\u00bb4.27.6&#8243; _module_preset=\u00bbdefault\u00bb global_colors_info=\u00bb{}\u00bb toggle_font_size=\u00bb21px\u00bb open=\u00bboff\u00bb]<a href=\"https:\/\/www.foebbva.com\/wp-content\/uploads\/2026\/03\/INSTRUCTIVO-RENDIMIENTOS-2025-SUCURSAL-VIRTUAL-1.pdf\" target=\"_blank\" rel=\"noopener\"><strong>Ver instructivo<\/strong><\/a>[\/et_pb_accordion_item][et_pb_accordion_item title=\u00bb\u00bfC\u00f3mo retirar tu bono por rendimientos 2025?\u00bb _builder_version=\u00bb4.27.6&#8243; _module_preset=\u00bbdefault\u00bb global_colors_info=\u00bb{}\u00bb toggle_font_size=\u00bb21px\u00bb open=\u00bboff\u00bb]<\/p>\n<p><a href=\"https:\/\/www.foebbva.com\/wp-content\/uploads\/2026\/04\/INSTRUCTIVO_BONO_ASOCIADO_FOE.pdf\" target=\"_blank\" rel=\"noopener\"><strong>Ver instructivo<\/strong><\/a><\/p>\n<p>[\/et_pb_accordion_item][\/et_pb_accordion][\/et_pb_column][\/et_pb_row][\/et_pb_section]<\/p>\n","protected":false},"excerpt":{"rendered":"<p>Cont\u00e1ctenosComun\u00edcate con nuestras l\u00edneas de atenci\u00f3n y recibe asesor\u00eda oportuna sobre nuestros servicios, tr\u00e1mites y beneficios. Nuestro equipo est\u00e1 listo para acompa\u00f1arte y resolver tus inquietudes. Estamos aqu\u00ed para escucharte.\u00a0Estamos aqu\u00ed para escucharte. Cont\u00e1ctanos y recibe asesor\u00eda oportuna sobre nuestros servicios, tr\u00e1mites y beneficios. Nuestro equipo est\u00e1 listo para acompa\u00f1arte y resolver tus inquietudes.Tel\u00e9fono y [&hellip;]<\/p>\n","protected":false},"author":1,"featured_media":0,"parent":0,"menu_order":0,"comment_status":"closed","ping_status":"closed","template":"","meta":{"_et_pb_use_builder":"on","_et_pb_old_content":"","_et_gb_content_width":"","footnotes":""},"class_list":["post-463","page","type-page","status-publish","hentry"],"_links":{"self":[{"href":"https:\/\/www.foebbva.com\/index.php\/wp-json\/wp\/v2\/pages\/463","targetHints":{"allow":["GET"]}}],"collection":[{"href":"https:\/\/www.foebbva.com\/index.php\/wp-json\/wp\/v2\/pages"}],"about":[{"href":"https:\/\/www.foebbva.com\/index.php\/wp-json\/wp\/v2\/types\/page"}],"author":[{"embeddable":true,"href":"https:\/\/www.foebbva.com\/index.php\/wp-json\/wp\/v2\/users\/1"}],"replies":[{"embeddable":true,"href":"https:\/\/www.foebbva.com\/index.php\/wp-json\/wp\/v2\/comments?post=463"}],"version-history":[{"count":61,"href":"https:\/\/www.foebbva.com\/index.php\/wp-json\/wp\/v2\/pages\/463\/revisions"}],"predecessor-version":[{"id":1808,"href":"https:\/\/www.foebbva.com\/index.php\/wp-json\/wp\/v2\/pages\/463\/revisions\/1808"}],"wp:attachment":[{"href":"https:\/\/www.foebbva.com\/index.php\/wp-json\/wp\/v2\/media?parent=463"}],"curies":[{"name":"wp","href":"https:\/\/api.w.org\/{rel}","templated":true}]}}